{"id":2508,"date":"2024-10-01T21:08:42","date_gmt":"2024-10-01T21:08:42","guid":{"rendered":"https:\/\/amoryrestauracion.co\/main\/?page_id=2508"},"modified":"2024-10-01T21:20:53","modified_gmt":"2024-10-01T21:20:53","slug":"plantio-2024","status":"publish","type":"page","link":"https:\/\/amoryrestauracion.co\/main\/plantio-2024\/","title":{"rendered":"plantio 2024"},"content":{"rendered":"\n<div class=\"wp-block-group is-content-justification-center is-nowrap is-layout-flex wp-container-core-group-is-layout-2 wp-block-group-is-layout-flex\">\n<div style=\"height:100px;width:115px\" aria-hidden=\"true\" class=\"wp-block-spacer wp-container-content-1\"><\/div>\n\n\n\n<div class=\"wp-block-group is-style-default has-custom-azul-medio-color has-custom-azul-claro-background-color has-text-color has-background has-link-color wp-elements-eb3ded91673b12183f577902b9cb4aad is-content-justification-center is-nowrap is-layout-flex wp-container-core-group-is-layout-1 wp-block-group-is-layout-flex\" style=\"border-style:solid;border-width:4px;border-radius:79px;padding-top:var(--wp--preset--spacing--30);padding-right:var(--wp--preset--spacing--60);padding-bottom:var(--wp--preset--spacing--30);padding-left:var(--wp--preset--spacing--60)\">\n<figure class=\"wp-block-image size-full is-resized\"><a href=\"https:\/\/amoryrestauracion.co\/main\/wp-content\/uploads\/2024\/08\/Logo-plantio.png\"><img fetchpriority=\"high\" decoding=\"async\" width=\"792\" height=\"612\" src=\"https:\/\/amoryrestauracion.co\/main\/wp-content\/uploads\/2024\/08\/Logo-plantio.png\" alt=\"\" class=\"wp-image-2509\" style=\"width:300px\" srcset=\"https:\/\/amoryrestauracion.co\/main\/wp-content\/uploads\/2024\/08\/Logo-plantio.png 792w, https:\/\/amoryrestauracion.co\/main\/wp-content\/uploads\/2024\/08\/Logo-plantio-300x232.png 300w, https:\/\/amoryrestauracion.co\/main\/wp-content\/uploads\/2024\/08\/Logo-plantio-768x593.png 768w, https:\/\/amoryrestauracion.co\/main\/wp-content\/uploads\/2024\/08\/Logo-plantio-100x77.png 100w\" sizes=\"(max-width: 792px) 100vw, 792px\" \/><\/a><\/figure>\n\n\n\n<p class=\"has-text-align-center\">Queremos compartir con ustedes el dise\u00f1o que el Padre nos ha dado para <br>cada curso en este precioso plant\u00edo. Nos regocijamos en la gu\u00eda del Esp\u00edritu,<br> que manifiesta su amor por nuestros ni\u00f1os y j\u00f3venes. En esta informaci\u00f3n, encontrar\u00e1s<br> el nombre, la edad correspondiente, y una breve descripci\u00f3n del nivel de tu hijo, <br>junto con el significado del manto que lo cubre. Confiando en que el Se\u00f1or nos<br> lleva hacia nuevas alturas en el Plant\u00edo de Jehov\u00e1, los invitamos a unirse a este cambio<br> y ascender juntos con nuestros peque\u00f1os reyes y sacerdotes.<\/p>\n<\/div>\n\n\n\n<div style=\"height:100px;width:95px\" aria-hidden=\"true\" class=\"wp-block-spacer wp-container-content-2\"><\/div>\n<\/div>\n\n\n\n<div class=\"wp-block-group is-layout-constrained wp-container-core-group-is-layout-15 wp-block-group-is-layout-constrained\">\n<div id=\"wp-block-themeisle-blocks-tabs-86696d2e\" class=\"wp-block-themeisle-blocks-tabs is-style-boxed is-align-center\"><div class=\"wp-block-themeisle-blocks-tabs__content\">\n<div data-title=\"Benjam\u00edn\" class=\"wp-block-themeisle-blocks-tabs-item\"><div class=\"wp-block-themeisle-blocks-tabs-item__header\" tabindex=\"0\">Benjam\u00edn<\/div><div class=\"wp-block-themeisle-blocks-tabs-item__content\">\n<div class=\"wp-block-group has-custom-azul-medio-color has-text-color has-link-color wp-elements-98e000e778b6c174fd0632c4920f4d56 is-content-justification-center is-nowrap is-layout-flex wp-container-core-group-is-layout-5 wp-block-group-is-layout-flex\" style=\"padding-top:0;padding-right:0;padding-bottom:0;padding-left:0\">\n<div class=\"wp-block-group wp-container-content-3 is-vertical is-layout-flex wp-container-core-group-is-layout-3 wp-block-group-is-layout-flex\">\n<h2 class=\"wp-block-heading\">Benjam\u00edn<\/h2>\n\n\n\n<p><strong>Benjam\u00edn (hijo de la diestra)<\/strong> se refiere a la derecha como s\u00edmbolo de fuerza o virtud, y tambi\u00e9n puede significar \u00abhijo de la felicidad\u00bb. Es el menor de los 12 hijos de Jacob, quien tuvo a Jos\u00e9 y a Benjam\u00edn con Raquel. Aunque su madre, antes de morir, lo llam\u00f3 Benoni (hijo de la tristeza), su padre lo nombr\u00f3 Benjam\u00edn (G\u00e9nesis 35:16-19). Jacob, antes de morir, bendijo a Benjam\u00edn y lo llam\u00f3 \u00ablobo arrebatador\u00bb (G\u00e9nesis 49:27). Jos\u00e9 amaba profundamente a su hermano Benjam\u00edn (G\u00e9nesis 43:20-44:34), quien tuvo numerosos descendientes (G\u00e9nesis 46:21; N\u00fameros 26:38-41; 1 Cr\u00f3nicas 7:6-12; 8:1-40).<\/p>\n\n\n\n<p><strong>Declaraci\u00f3n prof\u00e9tica:<\/strong> Somos levantadas como flores dulces y amorosas para proteger a los ni\u00f1os, pero tambi\u00e9n somos guerreras poderosas que extraer\u00e1n fuerzas de su interior para defender a sus beb\u00e9s. Cuando levantemos la voz por ellos, ser\u00e1 escuchada en los cielos por el Padre. Esp\u00edritu impetuoso.<\/p>\n<\/div>\n\n\n\n<div class=\"wp-block-group is-vertical is-content-justification-center is-layout-flex wp-container-core-group-is-layout-4 wp-block-group-is-layout-flex\">\n<figure class=\"wp-block-image size-full is-resized\"><a href=\"https:\/\/amoryrestauracion.co\/main\/bejamin-web-2\/\"><img decoding=\"async\" width=\"512\" height=\"512\" src=\"https:\/\/amoryrestauracion.co\/main\/wp-content\/uploads\/2024\/08\/Bejamin-web-1.png\" alt=\"\" class=\"wp-image-2522\" style=\"width:300px\" srcset=\"https:\/\/amoryrestauracion.co\/main\/wp-content\/uploads\/2024\/08\/Bejamin-web-1.png 512w, https:\/\/amoryrestauracion.co\/main\/wp-content\/uploads\/2024\/08\/Bejamin-web-1-300x300.png 300w, https:\/\/amoryrestauracion.co\/main\/wp-content\/uploads\/2024\/08\/Bejamin-web-1-150x150.png 150w, https:\/\/amoryrestauracion.co\/main\/wp-content\/uploads\/2024\/08\/Bejamin-web-1-100x100.png 100w\" sizes=\"(max-width: 512px) 100vw, 512px\" \/><\/a><\/figure>\n\n\n\n<p><strong>Palabra de poder:<\/strong> Protecci\u00f3n.<br><strong>Imagen de poder:<\/strong> Flores creciendo.<br><strong>Color:<\/strong> Verde.<\/p>\n\n\n\n<div class=\"wp-block-buttons is-layout-flex wp-block-buttons-is-layout-flex\">\n<div class=\"wp-block-button\"><a class=\"wp-block-button__link wp-element-button\" href=\"https:\/\/forms.gle\/5rFLuAHp7iTi3scH9\">Inscribe a tus hijos<\/a><\/div>\n<\/div>\n<\/div>\n<\/div>\n<\/div><\/div>\n\n\n\n<div data-title=\"Jos\u00edas\" class=\"wp-block-themeisle-blocks-tabs-item\"><div class=\"wp-block-themeisle-blocks-tabs-item__header\" tabindex=\"0\">Jos\u00edas<\/div><div class=\"wp-block-themeisle-blocks-tabs-item__content\">\n<div class=\"wp-block-group has-custom-azul-medio-color has-text-color has-link-color wp-elements-dc9c613bca39ca81df03de37e002bf86 is-content-justification-center is-nowrap is-layout-flex wp-container-core-group-is-layout-8 wp-block-group-is-layout-flex\" style=\"padding-top:var(--wp--preset--spacing--60);padding-right:var(--wp--preset--spacing--60);padding-bottom:var(--wp--preset--spacing--60);padding-left:var(--wp--preset--spacing--60)\">\n<div class=\"wp-block-group wp-container-content-4 is-vertical is-layout-flex wp-container-core-group-is-layout-6 wp-block-group-is-layout-flex\">\n<h2 class=\"wp-block-heading\">Jos\u00edas<\/h2>\n\n\n\n<p><strong>Jos\u00edas<\/strong>: Su nombre significa \u201cEl Se\u00f1or me apoya\u201d o \u201cEl Se\u00f1or me ha sanado\u201d. Seg\u00fan el relato en 2 Reyes, Jos\u00edas ascendi\u00f3 al trono a los ocho a\u00f1os tras el asesinato de su padre y gobern\u00f3 por treinta y un a\u00f1os. Su reinado se caracteriz\u00f3 por prohibir pr\u00e1cticas id\u00f3latras y destruir santuarios y objetos de culto en los lugares altos. Tambi\u00e9n es conocido por restaurar el pacto con YHVH y celebrar la Pascua, que no se conmemoraba desde los tiempos del profeta Samuel. Referencias b\u00edblicas: 1 Cr\u00f3nicas 3:15, 2 Cr\u00f3nicas 33-35, y 2 Reyes 13, 21:24, 22, y 23.<\/p>\n\n\n\n<p><strong>Declaraci\u00f3n prof\u00e9tica<\/strong>: En esta etapa, los ni\u00f1os definen su identidad; son y aprenden. Aqu\u00ed se establecen las bases para su desarrollo, permitiendo que emerjan los rasgos m\u00e1s fuertes de su car\u00e1cter espiritual. Es crucial que los maestros reconozcan el dise\u00f1o divino en cada ni\u00f1o, actuando como columnas para la consolidaci\u00f3n de su identidad. Dios les revelar\u00e1 a los maestros el prop\u00f3sito divino en cada uno de los chicos, ayud\u00e1ndoles a entender su verdadero ser.<\/p>\n<\/div>\n\n\n\n<div class=\"wp-block-group is-vertical is-content-justification-center is-layout-flex wp-container-core-group-is-layout-7 wp-block-group-is-layout-flex\">\n<figure class=\"wp-block-image size-full is-resized\"><a href=\"https:\/\/amoryrestauracion.co\/main\/josias-web\/\"><img decoding=\"async\" width=\"513\" height=\"512\" src=\"https:\/\/amoryrestauracion.co\/main\/wp-content\/uploads\/2024\/08\/Josias-web.png\" alt=\"\" class=\"wp-image-2517\" style=\"width:400px\" srcset=\"https:\/\/amoryrestauracion.co\/main\/wp-content\/uploads\/2024\/08\/Josias-web.png 513w, https:\/\/amoryrestauracion.co\/main\/wp-content\/uploads\/2024\/08\/Josias-web-300x300.png 300w, https:\/\/amoryrestauracion.co\/main\/wp-content\/uploads\/2024\/08\/Josias-web-150x150.png 150w, https:\/\/amoryrestauracion.co\/main\/wp-content\/uploads\/2024\/08\/Josias-web-100x100.png 100w\" sizes=\"(max-width: 513px) 100vw, 513px\" \/><\/a><\/figure>\n\n\n\n<p><strong>Palabra clave<\/strong>: Ser.<br><strong>S\u00edmbolo de poder<\/strong>: Columnas.<br><strong>Color<\/strong>: Amarillo.<\/p>\n\n\n\n<div class=\"wp-block-buttons is-layout-flex wp-block-buttons-is-layout-flex\">\n<div class=\"wp-block-button\"><a class=\"wp-block-button__link wp-element-button\" href=\"https:\/\/forms.gle\/5rFLuAHp7iTi3scH9\">Inscribe a tus hijos<\/a><\/div>\n<\/div>\n<\/div>\n<\/div>\n<\/div><\/div>\n\n\n\n<div data-title=\"Timoteo\" class=\"wp-block-themeisle-blocks-tabs-item\"><div class=\"wp-block-themeisle-blocks-tabs-item__header\" tabindex=\"0\">Timoteo<\/div><div class=\"wp-block-themeisle-blocks-tabs-item__content\">\n<div class=\"wp-block-group has-custom-azul-medio-color has-text-color has-link-color wp-elements-bcba0d2d3aa63cef900ee803dab42441 is-content-justification-center is-nowrap is-layout-flex wp-container-core-group-is-layout-11 wp-block-group-is-layout-flex\" style=\"padding-top:var(--wp--preset--spacing--60);padding-right:var(--wp--preset--spacing--60);padding-bottom:var(--wp--preset--spacing--60);padding-left:var(--wp--preset--spacing--60)\">\n<div class=\"wp-block-group wp-container-content-5 is-vertical is-layout-flex wp-container-core-group-is-layout-9 wp-block-group-is-layout-flex\">\n<h2 class=\"wp-block-heading\">Timoteo<\/h2>\n\n\n\n<p><strong>Timoteo<\/strong>: Su nombre deriva del griego \u00abtim\u00e1o-the\u00f3s\u00bb, que significa \u201cAquel que siente amor o adoraci\u00f3n a Dios\u201d. Timoteo, descrito en el libro de los Hechos como un \u00abdisc\u00edpulo\u00bb y \u00abhijo de una mujer jud\u00eda creyente y de padre griego\u00bb (Hechos 16:1), fue un cristiano del siglo I mencionado en varios pasajes del Nuevo Testamento, siempre asociado con Pablo de Tarso. Fue uno de los colaboradores m\u00e1s fieles del Ap\u00f3stol, participando en sus viajes misioneros y sirviendo como portador de sus mensajes y ep\u00edstolas. En Filipenses 2:19-22, Pablo expresa su alta estima por \u00e9l y su fidelidad como servidor del evangelio. Las cartas 1\u00aa y 2\u00aa a Timoteo destacan la direcci\u00f3n y consejo de Pablo hacia \u00e9l como Pastor y la iglesia del primer siglo.<\/p>\n\n\n\n<p><strong>Declaraci\u00f3n prof\u00e9tica<\/strong>: En esta etapa, se establece un lazo entre la identidad de los chicos y la iglesia. A trav\u00e9s de Timoteo, Dios muestra que todo lo sembrado en los chicos en edades anteriores dar\u00e1 fruto. Se consolida lo que el Se\u00f1or ha entregado en cada uno de ellos. Se coloca un manto de sabidur\u00eda y discernimiento para entender c\u00f3mo se enlaza y se gu\u00eda a los \u00abJos\u00edas\u00bb para que lleguen a ser \u00abPablo\u00bb en estos tiempos y en lo que Dios est\u00e1 haciendo en cada uno.<\/p>\n<\/div>\n\n\n\n<div class=\"wp-block-group is-vertical is-content-justification-center is-layout-flex wp-container-core-group-is-layout-10 wp-block-group-is-layout-flex\">\n<figure class=\"wp-block-image size-full is-resized\"><a href=\"https:\/\/amoryrestauracion.co\/main\/timoteo-web\/\"><img loading=\"lazy\" decoding=\"async\" width=\"512\" height=\"513\" src=\"https:\/\/amoryrestauracion.co\/main\/wp-content\/uploads\/2024\/08\/timoteo-web.png\" alt=\"\" class=\"wp-image-2519\" style=\"width:400px\" srcset=\"https:\/\/amoryrestauracion.co\/main\/wp-content\/uploads\/2024\/08\/timoteo-web.png 512w, https:\/\/amoryrestauracion.co\/main\/wp-content\/uploads\/2024\/08\/timoteo-web-300x300.png 300w, https:\/\/amoryrestauracion.co\/main\/wp-content\/uploads\/2024\/08\/timoteo-web-150x150.png 150w, https:\/\/amoryrestauracion.co\/main\/wp-content\/uploads\/2024\/08\/timoteo-web-100x100.png 100w\" sizes=\"(max-width: 512px) 100vw, 512px\" \/><\/a><\/figure>\n\n\n\n<p><strong>Palabra clave: <\/strong>Hacer.<br><strong>S\u00edmbolo de poder:<\/strong> Lazos.<br><strong>Color:<\/strong> Azul.<\/p>\n\n\n\n<div class=\"wp-block-buttons is-layout-flex wp-block-buttons-is-layout-flex\">\n<div class=\"wp-block-button\"><a class=\"wp-block-button__link wp-element-button\" href=\"https:\/\/forms.gle\/5rFLuAHp7iTi3scH9\">Inscribe a tus hijos<\/a><\/div>\n<\/div>\n<\/div>\n<\/div>\n<\/div><\/div>\n\n\n\n<div data-title=\"Pablo\" class=\"wp-block-themeisle-blocks-tabs-item\"><div class=\"wp-block-themeisle-blocks-tabs-item__header\" tabindex=\"0\">Pablo<\/div><div class=\"wp-block-themeisle-blocks-tabs-item__content\">\n<div class=\"wp-block-group has-custom-azul-medio-color has-text-color has-link-color wp-elements-604f287fee7ce9d8656854ded0b81dad is-content-justification-center is-nowrap is-layout-flex wp-container-core-group-is-layout-14 wp-block-group-is-layout-flex\" style=\"margin-top:0;margin-bottom:0;padding-top:var(--wp--preset--spacing--60);padding-right:var(--wp--preset--spacing--60);padding-bottom:var(--wp--preset--spacing--60);padding-left:var(--wp--preset--spacing--60)\">\n<div class=\"wp-block-group wp-container-content-6 is-vertical is-content-justification-center is-layout-flex wp-container-core-group-is-layout-12 wp-block-group-is-layout-flex\">\n<h2 class=\"wp-block-heading\">Pablo<\/h2>\n\n\n\n<p><strong>Pablo<\/strong>: Su nombre significa \u00abPeque\u00f1o, hombre humilde\u00bb. Conocido como el gran Ap\u00f3stol del Nuevo Testamento, se convirti\u00f3 al cristianismo tras tener una visi\u00f3n de Cristo en su viaje de Jerusal\u00e9n a Damasco. Pablo enfatiza repetidamente que Dios lo \u00abllam\u00f3\u00bb al cristianismo y a la evangelizaci\u00f3n de los gentiles. Realiz\u00f3 tres viajes misioneros acompa\u00f1ado por disc\u00edpulos como Tito, Timoteo, Silas y Lucas. Sus viajes est\u00e1n narrados en Hechos de los Ap\u00f3stoles, y su experiencia y obra se reflejan en las 13 ep\u00edstolas que escribi\u00f3. Aunque no fue disc\u00edpulo directo de Jes\u00fas, Pablo recibi\u00f3 grandes revelaciones del Se\u00f1or y realiz\u00f3 la obra misionera m\u00e1s significativa.<\/p>\n\n\n\n<p><strong>Declaraci\u00f3n prof\u00e9tica<\/strong>: En este nivel, todos los dise\u00f1os establecidos provienen del tercer cielo. Se declara que las manos de los maestros est\u00e1n ungidas con un aceite especial para asentar y establecer a los j\u00f3venes en el reino del Se\u00f1or, con una nueva unci\u00f3n para esta generaci\u00f3n. Es en este nivel donde los llamados y ministerios de estos j\u00f3venes reverdecer\u00e1n. Aunque algunos lleguen golpeados o incr\u00e9dulos, el Se\u00f1or, a trav\u00e9s de la fe de Pablo, levantar\u00e1 estas vidas. Los maestros, con sus corazones y vidas impregnadas de la presencia de Dios, guiar\u00e1n a los chicos a conocer m\u00e1s de \u00c9l, llev\u00e1ndolos a Su presencia y al bautismo en el Esp\u00edritu Santo. Aqu\u00ed es donde los j\u00f3venes afirman su lugar santo en sus vidas y corazones. Se coloca sobre ellos el manto de Pablo: un manto de fuego, poder y la presencia del Se\u00f1or, que cautivar\u00e1 sus corazones hacia Cristo. El Esp\u00edritu Santo llevar\u00e1 a los maestros a nuevas alturas y a experiencias sobrenaturales, guiando a los chicos m\u00e1s all\u00e1 de lo imaginable.<\/p>\n<\/div>\n\n\n\n<div class=\"wp-block-group is-vertical is-content-justification-center is-layout-flex wp-container-core-group-is-layout-13 wp-block-group-is-layout-flex\">\n<figure class=\"wp-block-image size-full is-resized\"><a href=\"https:\/\/amoryrestauracion.co\/main\/pablo-web\/\"><img loading=\"lazy\" decoding=\"async\" width=\"513\" height=\"513\" src=\"https:\/\/amoryrestauracion.co\/main\/wp-content\/uploads\/2024\/08\/Pablo-web.png\" alt=\"\" class=\"wp-image-2518\" style=\"width:400px\" srcset=\"https:\/\/amoryrestauracion.co\/main\/wp-content\/uploads\/2024\/08\/Pablo-web.png 513w, https:\/\/amoryrestauracion.co\/main\/wp-content\/uploads\/2024\/08\/Pablo-web-300x300.png 300w, https:\/\/amoryrestauracion.co\/main\/wp-content\/uploads\/2024\/08\/Pablo-web-150x150.png 150w, https:\/\/amoryrestauracion.co\/main\/wp-content\/uploads\/2024\/08\/Pablo-web-100x100.png 100w\" sizes=\"(max-width: 513px) 100vw, 513px\" \/><\/a><\/figure>\n\n\n\n<p><strong>Palabra clave:<\/strong> Vivir.<br><strong>S\u00edmbolo de poder:<\/strong> Vara de Aar\u00f3n que reverdece.<br><strong>Color:<\/strong> Rojo.<\/p>\n\n\n\n<div class=\"wp-block-buttons is-layout-flex wp-block-buttons-is-layout-flex\">\n<div class=\"wp-block-button\"><a class=\"wp-block-button__link wp-element-button\" href=\"https:\/\/forms.gle\/5rFLuAHp7iTi3scH9\">Inscribe a tus hijos<\/a><\/div>\n<\/div>\n<\/div>\n<\/div>\n<\/div><\/div>\n<\/div><\/div>\n<\/div>\n\n\n\n<div style=\"height:100px\" aria-hidden=\"true\" class=\"wp-block-spacer\"><\/div>\n","protected":false},"excerpt":{"rendered":"<p>Queremos compartir con ustedes el dise\u00f1o que el Padre nos ha dado para cada curso en este precioso plant\u00edo. Nos regocijamos en la gu\u00eda del Esp\u00edritu, que manifiesta su amor por nuestros ni\u00f1os y j\u00f3venes. En esta informaci\u00f3n, encontrar\u00e1s el nombre, la edad correspondiente, y una breve descripci\u00f3n del nivel de tu hijo, junto con&#8230;<\/p>\n","protected":false},"author":1,"featured_media":0,"parent":0,"menu_order":0,"comment_status":"closed","ping_status":"closed","template":"page-full-width","meta":{"_themeisle_gutenberg_block_has_review":false,"footnotes":""},"class_list":["post-2508","page","type-page","status-publish","hentry"],"_links":{"self":[{"href":"https:\/\/amoryrestauracion.co\/main\/wp-json\/wp\/v2\/pages\/2508","targetHints":{"allow":["GET"]}}],"collection":[{"href":"https:\/\/amoryrestauracion.co\/main\/wp-json\/wp\/v2\/pages"}],"about":[{"href":"https:\/\/amoryrestauracion.co\/main\/wp-json\/wp\/v2\/types\/page"}],"author":[{"embeddable":true,"href":"https:\/\/amoryrestauracion.co\/main\/wp-json\/wp\/v2\/users\/1"}],"replies":[{"embeddable":true,"href":"https:\/\/amoryrestauracion.co\/main\/wp-json\/wp\/v2\/comments?post=2508"}],"version-history":[{"count":24,"href":"https:\/\/amoryrestauracion.co\/main\/wp-json\/wp\/v2\/pages\/2508\/revisions"}],"predecessor-version":[{"id":2688,"href":"https:\/\/amoryrestauracion.co\/main\/wp-json\/wp\/v2\/pages\/2508\/revisions\/2688"}],"wp:attachment":[{"href":"https:\/\/amoryrestauracion.co\/main\/wp-json\/wp\/v2\/media?parent=2508"}],"curies":[{"name":"wp","href":"https:\/\/api.w.org\/{rel}","templated":true}]}}