{"id":2430,"date":"2024-10-01T21:08:42","date_gmt":"2024-10-01T21:08:42","guid":{"rendered":"https:\/\/amoryrestauracion.co\/main\/?page_id=2430"},"modified":"2024-10-01T21:08:42","modified_gmt":"2024-10-01T21:08:42","slug":"grupos-de-crecimiento-2024","status":"publish","type":"page","link":"https:\/\/amoryrestauracion.co\/main\/grupos-de-crecimiento-2024\/","title":{"rendered":"Grupos de Crecimiento 2024"},"content":{"rendered":"\n<div class=\"wp-block-group is-vertical is-content-justification-center is-layout-flex wp-container-core-group-is-layout-3 wp-block-group-is-layout-flex\" style=\"margin-top:var(--wp--preset--spacing--80);margin-bottom:var(--wp--preset--spacing--80)\">\n<div class=\"wp-block-group is-horizontal is-nowrap is-layout-flex wp-container-core-group-is-layout-2 wp-block-group-is-layout-flex\">\n<figure class=\"wp-block-image size-full is-resized\"><a href=\"https:\/\/amoryrestauracion.co\/main\/wp-content\/uploads\/2024\/08\/Paleta-1.png\"><img fetchpriority=\"high\" decoding=\"async\" width=\"564\" height=\"711\" src=\"https:\/\/amoryrestauracion.co\/main\/wp-content\/uploads\/2024\/08\/Paleta-1.png\" alt=\"\" class=\"wp-image-2432\" style=\"width:151px\" srcset=\"https:\/\/amoryrestauracion.co\/main\/wp-content\/uploads\/2024\/08\/Paleta-1.png 564w, https:\/\/amoryrestauracion.co\/main\/wp-content\/uploads\/2024\/08\/Paleta-1-238x300.png 238w, https:\/\/amoryrestauracion.co\/main\/wp-content\/uploads\/2024\/08\/Paleta-1-79x100.png 79w\" sizes=\"(max-width: 564px) 100vw, 564px\" \/><\/a><\/figure>\n\n\n\n<div class=\"wp-block-group has-custom-azul-medio-color has-text-color has-link-color wp-elements-1555ddda05f4b59cf2c23bbb7f72226e is-vertical is-content-justification-center is-layout-flex wp-container-core-group-is-layout-1 wp-block-group-is-layout-flex\">\n<p class=\"has-text-align-center\"><strong>Es un espacio semanal donde buscamos <\/strong>desarrollar lazos fraternales<br> entre sus asistentes (presencialmente en las casas o virtualmente), <br>a trav\u00e9s de la ense\u00f1anza y pr\u00e1ctica de los principios Cristo-C\u00e9ntricos.<\/p>\n\n\n\n<h2 class=\"wp-block-heading has-large-font-size\">\u00bfQuien puede asistir?<\/h2>\n\n\n\n<p class=\"has-text-align-center\">Tu, yo, nosotros, no s\u00e9, \u00a1pi\u00e9nsalo! <br>\u00a1El \u00fanico requisito para asistir es querer!<\/p>\n<\/div>\n<\/div>\n<\/div>\n\n\n\n<div class=\"wp-block-group is-layout-constrained wp-container-core-group-is-layout-4 wp-block-group-is-layout-constrained\">\n<div class=\"wp-block-group\"><iframe src=\"https:\/\/docs.google.com\/forms\/d\/e\/1FAIpQLSdhyqRkU573dfs96Ln5Ieb5wdu_XbndHSmHq07bXW6rWEHpEQ\/viewform?embedded=true\" width=\"1000\" height=\"580\" frameborder=\"0\" marginheight=\"0\" marginwidth=\"0\">Cargando\u2026<\/iframe><\/div>\n<\/div>\n","protected":false},"excerpt":{"rendered":"<p>Es un espacio semanal donde buscamos desarrollar lazos fraternales entre sus asistentes (presencialmente en las casas o virtualmente), a trav\u00e9s de la ense\u00f1anza y pr\u00e1ctica de los principios Cristo-C\u00e9ntricos. \u00bfQuien puede asistir? Tu, yo, nosotros, no s\u00e9, \u00a1pi\u00e9nsalo! \u00a1El \u00fanico requisito para asistir es querer! Cargando\u2026<\/p>\n","protected":false},"author":1,"featured_media":0,"parent":0,"menu_order":0,"comment_status":"closed","ping_status":"closed","template":"page-full-width","meta":{"_themeisle_gutenberg_block_has_review":false,"footnotes":""},"class_list":["post-2430","page","type-page","status-publish","hentry"],"_links":{"self":[{"href":"https:\/\/amoryrestauracion.co\/main\/wp-json\/wp\/v2\/pages\/2430","targetHints":{"allow":["GET"]}}],"collection":[{"href":"https:\/\/amoryrestauracion.co\/main\/wp-json\/wp\/v2\/pages"}],"about":[{"href":"https:\/\/amoryrestauracion.co\/main\/wp-json\/wp\/v2\/types\/page"}],"author":[{"embeddable":true,"href":"https:\/\/amoryrestauracion.co\/main\/wp-json\/wp\/v2\/users\/1"}],"replies":[{"embeddable":true,"href":"https:\/\/amoryrestauracion.co\/main\/wp-json\/wp\/v2\/comments?post=2430"}],"version-history":[{"count":7,"href":"https:\/\/amoryrestauracion.co\/main\/wp-json\/wp\/v2\/pages\/2430\/revisions"}],"predecessor-version":[{"id":2629,"href":"https:\/\/amoryrestauracion.co\/main\/wp-json\/wp\/v2\/pages\/2430\/revisions\/2629"}],"wp:attachment":[{"href":"https:\/\/amoryrestauracion.co\/main\/wp-json\/wp\/v2\/media?parent=2430"}],"curies":[{"name":"wp","href":"https:\/\/api.w.org\/{rel}","templated":true}]}}